-4*s + 7*s. Calculate the greatest common factor of 120 and s.
60
Suppose 3*i - 3 = 3. Let p = 24 + -21. What is the highest common factor of i and p?
1
Suppose -2*u - 26 = -0*u. Let o = 2 - u. Suppose 6 + 3 = 3*d. Calculate the highest common factor of o and d.
3
Let o be 376/18 + (-130)/(-1170). Let q be (-16)/6*(-126)/4. Suppose -i + q = 3*i. Calculate the greatest common divisor of o and i.
21
Suppose 6 = 3*i + g, 10 = 4*i - g + 2. Suppose -i*v = -1 - 3. Suppose 0 = -6*y - 40 + 88. Calculate the highest common factor of v and y.
2
Let c = 49 + -37. Suppose -g = -0 - c. What is the highest common divisor of g and 156?
12
Suppose 0 = -3*h - 4 + 16. Let z be (16 - h/1) + 2. What is the greatest common factor of z and 7?
7
Let g(i) = -i + 12. Let c be g(10). Suppose -4*m - 4*o = -164, c*m - 4*m = -o - 67. What is the highest common divisor of m and 252?
36
Let m = -622 - -626. Calculate the highest common factor of m and 148.
4
Let y be (2/4)/(5 - (-145)/(-30)). Suppose 6 = y*a - 3*w, -a - 4*w + 24 = 3*a. What is the greatest common divisor of a and 8?
4
Let i = 141 - 87. What is the highest common factor of i and 12?
6
Suppose -3*u + 2*o = -3*o - 30, -u + 2*o + 10 = 0. Let g be 2/(-6) + 7280/42. Suppose 0 = -4*w + 187 + g. Calculate the greatest common factor of w and u.
10
Let q = -591 + 852. Suppose 38 = -2*z + 3*z. Suppose -20 - z = -2*h. What is the highest common factor of q and h?
29
Let h be ((-6)/(-12))/((-1)/2). Let o be 2 + -3 + 3 + h. Let p be 0/o - -4*1. Calculate the highest common divisor of p and 20.
4
Suppose 4*t - 106 = -3*u, 0*t + 32 = t - 2*u. Let q be (1 + -2)*(3 - t). Calculate the greatest common factor of q and 75.
25
Let t = -11 - -11. Suppose t*n = -2*n + j + 49, -4*n - 5*j = -105. Calculate the greatest common factor of n and 10.
5
Let b(v) = v - 4. Let j be b(6). Suppose -6 = -j*w + 4. Suppose 0 = -w*y + 3*y + 154. Calculate the highest common factor of 11 and y.
11
Suppose -3*x + 30 = 4*u, u + 7 = 10. What is the greatest common factor of 66 and x?
6
Let j = 106 - -38. Let v be ((-7)/14 - -5)/((-2)/(-8)). What is the highest common factor of j and v?
18
Suppose 167*t - 173*t + 210 = 0. What is the highest common factor of 315 and t?
35
Let j(m) = -83*m - 47. Let y(r) = 42*r + 23. Let k(v) = 6*j(v) + 13*y(v). Let d be k(4). Calculate the highest common factor of d and 19.
19
Suppose 36 = -718*w + 720*w. What is the highest common divisor of 11 and w?
1
Let d be (5/(-3))/(1/(-9)). Let p = 23 + -23. Suppose 4 = 2*h - n - 16, 2*h + 5*n - 20 = p. What is the highest common divisor of h and d?
5
Suppose 0 = o - 20 + 118. Let l = o - -298. Calculate the greatest common factor of 25 and l.
25
Let x(l) = -3*l**3 - l**2. Let n be x(-1). Suppose n*c - 1 = 3. Suppose -g = -0*g - c*v - 90, -4*v = 5*g - 436. What is the highest common divisor of g and 8?
8
Suppose -4*t = -4*w - 157 - 15, -2*t + 106 = 2*w. Suppose -2*g = 734 - t. Let x = g - -525. Calculate the highest common factor of 26 and x.
26
Let x be ((-3)/(-1))/(16/((-24480)/(-27))). Calculate the greatest common factor of x and 17.
17
Let f be (-488)/(-12) + (-1)/(-3). Suppose t - 4*t - f = -4*j, 2*t = 3*j - 30. Let w be (80/15)/((-1)/(-3)). What is the highest common divisor of j and w?
8
Let h(g) = 24*g - 1 + 4*g**2 - 39*g - g**2. Let v be h(6). Calculate the greatest common factor of v and 17.
17
Let t be (-4)/12*(-9)/(-1). Let f be 2103/12 - t/(-12). What is the highest common factor of 25 and f?
25
Let g be 23 - (-2 - (-1 + 1)). Suppose 5*h + 32 = 5*l + 7, -7 = -5*l - h. Suppose -5*c = l*u - 248, 4 = -4*u - 0. What is the greatest common factor of c and g?
25
Suppose 5*w + 1168 + 1517 = 0. Let s be (-9)/6 + w/(-6). Suppose -5*b + s = -g, 5*b + 0*b - 86 = 2*g. Calculate the greatest common factor of 9 and b.
9
Suppose 16 + 124 = 2*q. What is the highest common divisor of q and 14?
14
Let l be 27 - (3 - (-2 + 1)). Let g(z) = -2*z + 253. Let b be g(0). Calculate the greatest common factor of b and l.
23
Let q = 28 - 52. Let y = q + 34. Calculate the greatest common factor of 130 and y.
10
Let b = -307 - -416. What is the highest common divisor of 1 and b?
1
Let r = 1023 + -663. Let q be ((-2)/(-4))/(10/r). What is the greatest common divisor of q and 9?
9
Let c = 55 - 23. Suppose 4*r + 2*r - 5*r = 0. Suppose 0 = 2*f + 2*z, r*f - 12 = 2*f + 5*z. Calculate the greatest common factor of f and c.
4
Let s be 2/5 + (-1971)/(-135). Let n be ((-2)/s*6)/((-1)/135). What is the greatest common factor of n and 36?
36
Let j(q) = -3*q**3 - 3*q**2 - 4*q + 3. Let w be j(-5). Calculate the highest common factor of 19 and w.
19
Let j(m) = 2*m**3 + 14*m**2 + 9*m - 20. Let q be j(-5). Calculate the greatest common factor of q and 420.
35
Let n be 1124/(-12)*(-3 - 1 - -1). Suppose 3*p = -3*d + n + 19, 0 = -2*d + 4*p + 230. What is the highest common divisor of d and 15?
15
Suppose 0 = -2*g + 13 - 3. Suppose -2*i + g*d + 308 = 0, i + d - 7 = 147. Suppose 2*n = 49 - 21. What is the highest common divisor of i and n?
14
Suppose -v + 21777 = 60*v. Calculate the greatest common divisor of 476 and v.
119
Let h(b) = 4*b**3 + 39*b**2 + 44*b + 24. Let r be h(-8). Let d = -77 - -125. What is the highest common factor of d and r?
24
Let h be 74/(-16) - (-18)/(-48). Let j(b) = b + 8. Let r be j(h). Suppose 0 = -r*l - 0 - 9, -90 = -2*y - 2*l. What is the greatest common factor of 6 and y?
6
Let s(d) = -d + 2. Let j be s(0). Suppose 0*p - j*p + 8 = 4*f, 12 = 3*p - f. Suppose -t - p*t = -120. What is the greatest common factor of t and 24?
24
Suppose -5*g = 5*j - 430, 12*g = 2*j + 7*g - 158. Suppose -3*l = -100 + 16. What is the highest common divisor of l and j?
28
Let r = -1594 + 1622. What is the highest common divisor of 287 and r?
7
Let t(x) = 7*x**2 + 8*x + 24. Let i be t(-2). Calculate the greatest common divisor of 1692 and i.
36
Let w(v) = 7*v - 38. Let n be w(7). Suppose 387 - 145 = n*p. Let t = 528 + -286. What is the highest common factor of t and p?
22
Suppose -3*t + 33 = 3*z, z = 2*z + 2. Let k = t - 9. Calculate the highest common divisor of 4 and k.
4
Let z be 2 + 8 - 6/1. What is the greatest common factor of z and 8?
4
Suppose -2*k + 82 = -30. What is the greatest common factor of k and 16?
8
Suppose -2*n - 4*n = 60. Let q be ((-25)/3)/(n/30) + 0. What is the highest common divisor of q and 275?
25
Let i be (144/10)/(7/35). Calculate the greatest common divisor of i and 384.
24
Let l = 537 - 306. Calculate the greatest common factor of 66 and l.
33
Suppose 5*p - 77 = -n, -5*p = 4*n - 0*p - 233. What is the greatest common factor of 117 and n?
13
Suppose 6*k - 8*k = -8510. What is the highest common divisor of 115 and k?
115
Suppose 0 = 3*g + 47 - 401. Calculate the highest common divisor of g and 118.
118
Suppose -5*c + 3*u = -33 - 75, -3*c - 3*u + 60 = 0. Calculate the greatest common divisor of c and 315.
21
Let k(w) = 26*w**2 + 4*w + 5. Let j be k(-1). Calculate the highest common divisor of j and 315.
9
Let c be (-10)/4*112/35. Let d(u) = u**2 + 4*u - 2. Let q be d(c). Calculate the greatest common factor of 50 and q.
10
Suppose 0 = -0*p - 5*p - i + 164, -3*p + 3*i = -102. What is the greatest common factor of p and 22?
11
Let k(w) = w**3 + 5*w**2 - 2*w + 3. Let y be k(-5). What is the greatest common factor of y and 416?
13
Let i = -21 - -37. Suppose -8*p = -9*p + i. What is the highest common divisor of 64 and p?
16
Let g(q) = -q**2 + 42*q - 311. Let c be g(30). What is the greatest common divisor of c and 42?
7
Suppose 0 = 7*t + 35, 0 = 3*n + 13*t - 14*t - 11. Let b be -1 - (-4 - (-2 + 1)). Calculate the greatest common divisor of b and n.
2
Let x be 2157/9 + 2/6. Suppose 3*q + x + 183 = 3*i, 0 = 3*i - q - 427. Suppose -2*z - 13 = -3*z. Calculate the highest common factor of i and z.
13
Let n(b) = -b**3 + 5*b**2 - b. Let g be n(2). Let q = 2746 + -2666. Calculate the highest common divisor of q and g.
10
Let s be 20/6*18/15. Suppose -s*w + 295 = w. Let a be w/7 + (-6)/14. What is the highest common divisor of 40 and a?
8
Let l be (-1)/(-3) - 1*6312/(-18). Calculate the greatest common divisor of l and 54.
27
Suppose 3*a = -20 + 80. Let o be 17/(-34) - 42/(-4). Calculate the greatest common divisor of a and o.
10
Suppose 3*z - z = -2*f + 44, 4*f = -6*z + 90. What is the grea